23576 (base 10) to base 14.
41c4ac
What is -14a0a1 (base 14) in base 16?
-af8dd
Convert -12551482 (base 9) to base 4.
-113203210310
1152105 (base 9) to base 13
18b537
Convert 1527627 (base 9) to base 5.
204023142
-500b9 (base 12) to base 10
-103821
-104152022 (base 6) to base 15
-2724b2
What is 59178c (base 13) in base 11?
12165a5
Convert 652270 (base 8) to base 11.
13a011
What is 590849 (base 12) in base 5?
331310433
3712d (base 14) to base 9
224678
Convert -ca7719 (base 13) to base 6.
-245550234
Convert 56208 (base 11) to base 4.
103320201
-350516 (base 9) to base 14
-56948
Convert 2069439 (base 12) to base 14.
b51873
What is 10344411 (base 6) in base 2?
1001011100011010111
What is -6a2ee2 (base 16) in base 15?
-926d13
15335313 (base 6) to base 3
1000111222100
Convert 13033131 (base 5) to base 15.
27ab1
Convert -65a8a4 (base 16) to base 14.
-c55d52
What is -3131204 (base 8) in base 13?
-2319b2
152865 (base 9) to base 7
541052
5664757 (base 8) to base 10
1534447
1144120013 (base 5) to base 7
32101110
Convert -10101001101111010111 (base 2) to base 5.
-134222010
Convert -1681146 (base 9) to base 16.
-e5443
1352100 (base 9) to base 15
ea1dc
Convert -114056 (base 10) to base 4.
-123312020
Convert 1046274 (base 9) to base 4.
2021101300
Convert 1480041 (base 10) to base 7.
15402663
Convert 2503302 (base 6) to base 12.
64b32
Convert -2a0517 (base 16) to base 4.
-22200110113
69a3ba (base 16) to base 8
32321672
Convert 20215433 (base 7) to base 16.
19b62c
-1aa49a3 (base 12) to base 13
-1242b7c
What is -17194 (base 13) in base 8?
-126306
Convert 23393 (base 13) to base 11.
44381
848248 (base 9) to base 8
1731542
-150024304 (base 6) to base 9
-5717804
63642 (base 10) to base 3
10020022010
-1c5d90 (base 14) to base 10
-1015210
336a6 (base 14) to base 15
26ea2
Convert 12511 (base 9) to base 2.
10000011110010
-20201000220 (base 3) to base 13
-480ba
6037451 (base 9) to base 13
886a77
Convert -20011010200 (base 3) to base 4.
-131210121
What is -4014344003 (base 5) in base 10?
-7965503
Convert -210076 (base 8) to base 4.
-101000332
Convert 37768 (base 12) to base 6.
1341012
Convert -370116 (base 8) to base 12.
-6163a
Convert -42e2a1 (base 15) to base 9.
-5886167
-2020200021001 (base 3) to base 15
-188ce7
What is 1330212032 (base 4) in base 3?
221221001212
Convert 799056 (base 11) to base 10.
1271166
Convert 1281545 (base 10) to base 13.
35b415
What is -674b3 (base 15) in base 8?
-1201373
-442231240 (base 5) to base 3
-10121021022000
-10201100000102 (base 3) to base 12
-7b2a48
Convert -171e3 (base 16) to base 9.
-153802
103230311 (base 4) to base 13
2a962
Convert -4312330200 (base 5) to base 16.
-8aee9a
Convert 5345547 (base 8) to base 3.
2200120022000
What is 113353 (base 10) in base 4?
123223021
Convert 1011011011021 (base 3) to base 7.
5132524
What is 1110011000011111000 (base 2) in base 13?
13668c
Convert -222920 (base 16) to base 5.
-1033120002
-72520 (base 13) to base 3
-101102110201
What is 232003112203 (base 4) in base 3?
211201100011021
8755 (base 12) to base 7
61301
What is -62209 (base 10) in base 6?
-1200001
What is -22121313 (base 4) in base 15?
-c960
What is 1725340 (base 8) in base 11?
313595
1232762 (base 11) to base 12
873123
455a753 (base 11) to base 16
79bfa7
-56045533 (base 7) to base 5
-2214211242
392503 (base 11) to base 7
5153211
What is 10154367 (base 8) in base 14?
40071d
-222332 (base 12) to base 6
-15350102
What is -322302132 (base 5) in base 4?
-11032033102
What is -585270 (base 10) in base 5?
-122212040
Convert 6770774 (base 8) to base 5.
432101140
-20202121000012 (base 3) to base 6
-205010435
56356 (base 12) to base 3
12211010110
154771 (base 12) to base 11
226953
Convert -454300145 (base 6) to base 5.
-4113000121
Convert -91c5 (base 14) to base 3.
-1021101100
Convert 2102101122120 (base 3) to base 9.
2371576
-2050363 (base 8) to base 15
-ab741
1040142 (base 6) to base 12
26052
1033331013 (base 4) to base 10
327495
Convert 1700732 (base 8) to base 7.
4116246
Convert -1000111000110000101 (base 2) to base 5.
-33304310
What is 100000010110110101 (base 2) in base 7?
1061252
-10110000000010001110 (base 2) to base 13
-1c3266
-167c208 (base 13) to base 7
-115614000
What is 251aab (base 12) in base 4?
2103213203
39516 (base 13) to base 9
171753
-1022111122202 (base 3) to base 7
-5640332
-13134431212 (base 5) to base 4
-332102012101
310334 (base 5) to base 4
2131232
531632 (base 7) to base 3
11200001122
-14446a (base 12) to base 2
-1010010110110010010
What is 4445311 (base 7) in base 11?
345772
125354 (base 9) to base 4
102211030
-1d2496 (base 16) to base 12
-781332
Convert -16acc6 (base 13) to base 8.
-2123043
-110010001101101011 (base 2) to base 14
-54d51
What is 87512 (base 12) in base 10?
178718
1322a7 (base 11) to base 15
41965
Convert 11011010111001001110 (base 2) to base 16.
dae4e
What is 44422124 (base 6) in base 13?
37c231
154570 (base 9) to base 6
2012530
What is 4437117 (base 9) in base 8?
11065633
Convert 12547094 (base 10) to base 9.
25543335
Convert 623354 (base 10) to base 4.
2120023322
Convert 15410512 (base 6) to base 10.
545804
What is -11c946 (base 13) in base 9?
-721740
Convert 302313312 (base 4) to base 12.
a0706
What is 7406162 (base 8) in base 6?
110112550
What is -328955 (base 10) in base 2?
-1010000010011111011
-3305545 (base 7) to base 12
-176701
-1042441 (base 10) to base 2
-11111110100000001001
Convert 15ec3 (base 16) to base 15.
1b915
What is -3426817 (base 9) in base 5?
-433124204
What is 154164 (base 9) in base 5?
11014114
-101000011000111011 (base 2) to base 14
-4440b
Convert -29e9a (base 15) to base 16.
-20f08
57993 (base 15) to base 9
464533
What is -3315310 (base 8) in base 7?
-10402252
Convert 359773 (base 11) to base 10.
569264
213332244 (base 5) to base 10
917824
-17350169 (base 10) to base 15
-17cabce
-1516370 (base 8) to base 14
-b3d32
1b5071 (base 13) to base 6
22532421
What is -32b0474 (base 12) in base 14?
-1401412
What is bd4e8 (base 15) in base 11?
381213
-2517845 (base 9) to base 12
-561128
b29818 (base 13) to base 7
50244354
Convert 101100221120 (base 3) to base 5.
23012311
Convert 1243423 (base 5) to base 10.
24863
What is -121150150 (base 6) in base 4?
-20301220302
2260150 (base 8) to base 12
257748
What is 1001100010110100011110 (base 2) in base 6?
125342542
Convert 1211515 (base 9) to base 14.
131744
-321134042 (base 5) to base 4
-11021122120
-16c644 (base 14) to base 6
-25111112
Convert 10100010101000111001 (base 2) to base 10.
666169
-1021012411 (base 5) to base 4
-20013002131
-53436542 (base 7) to base 10
-4547426
-54a79a (base 12) to base 16
-1487e6
7b96a (base 13) to base 5
24210303
Convert -323121443 (base 5) to base 8.
-5206447
What is 333100201 (base 4) in base 14?
6a5d7
What is -1782e2 (base 16) in base 6?
-53005254
Convert 2235061 (base 10) to base 11.
1297264
Convert -29720e (base 15) to base 8.
-7477200
-3020 (base 5) to base 2
-110000001
What is -1101001100000000000111 (base 2) in base 5?
-1341111111
-415476 (base 10) to base 15
-83186
What is -1062316 (base 7) in base 9?
-222267
-15709 (base 10) to base 11
-10891
1303190 (base 10) to base 4
10332022112
What is -32522 (base 6) in base 4?
-1012202
-4a87b6 (base 13) to base 16
-1b4efa
Convert 212213210 (base 4) to base 9.
260875
-14381 (base 13) to base 2
-1001010001001001
Convert 8b2f3 (base 16) to base 9.
1058023
Convert -547125 (base 12) to base 16.
-146fed
10001000011001110 (base 2) to base 16
110ce
Convert -206055 (base 12) to base 9.
-853872
What is -125422344 (base 6) in base 3?
-11201101000001
What is -100304300 (base 5) in base 9?
-670433
What is -10010010001101001011110 (base 2) in base 11?
-2782504
216755 (base 11) to base 10
345636
What is 24d96 (base 16) in base 5?
14312214
-10220001002 (base 3) to base 10
-76574
8000 (base 14) to base 2
101010111000000
What is 805641 (base 13) in base 15?
3dda16
251244320 (base 6) to base 14
8d9304
-1010010010111011011 (base 2) to base 12
-1432a3
121221201211121 (base 3) to base 6
521035024
Convert -1c0864 (base 14) to base 6.
-33235452
What is -6b6578 (base 14) in base 10?
-3667070
6794a (base 15) to base 12
13a7ba
What is 505290 (base 10) in base 2?
1111011010111001010
-6c880 (base 13) to base 16
-30a12
3613621 (base 8) to base 10
989073
What is 166233503 (base 7) in base 16